 3*a - a = 2*c + 84, 0 = b*a - 2*c - 195. What are the prime factors of a?
37
Let j be -8 + 2 + -1 - -1. Let o = j + 6. Suppose -2*k + 116 = 3*l, 4*l - 3*k - 132 = -o*k. List the prime factors of l.
2, 3
Let d(z) = -z**2 - 27*z + 67. List the prime factors of d(-23).
3, 53
Let z = -17 - -25. Let y be (-12)/9 - z/12. What are the prime factors of 27*-1*y/2?
3
Suppose -2*r + p - 3 = -7, -2*r + 4*p + 4 = 0. Suppose -h + 3*c = r*c - 2, 4*c + 8 = -h. Suppose h = 3*y - 2 - 31. What are the prime factors of y?
11
List the prime factors of (8928/(-20))/18*(-185)/2.
2, 31, 37
Suppose 0*y - 92 = -4*y. Let x = y - -4. List the prime factors of x.
3
Let x(b) = b**3 - 18*b**2 + 16*b + 22. Let f be x(17). Suppose -f*p + 353 + 87 = 0. What are the prime factors of p?
2, 11
Let k = -6 - 2. Let r be (0/(-1))/((-8)/k). Suppose 2*p - 12 - 12 = r. List the prime factors of p.
2, 3
Suppose 0 = -b - 43*i + 40*i + 144, 0 = 3*b - 5*i - 502. What are the prime factors of b?
3, 53
Let b be 2 + (-2)/2 + -7. Let z(o) be the second derivative of -4*o**3/3 - 13*o**2/2 - 6*o. List the prime factors of z(b).
5, 7
Let l be 56/(-476) + (-106)/(-34). Suppose -h + 38 + 33 = -4*m, 0 = 3*m + l. What are the prime factors of h?
67
Let w = -15 - -83. Let y = w + -32. List the prime factors of y.
2, 3
Suppose 1 + 2 = r. Suppose -y - r*v - 6 = 0, -v = -2*y + v + 4. Suppose -4 + y = -p. List the prime factors of p.
2
Let r(l) = l**2 + l + 2. Let i be r(-3). Let f(c) = 1 + 0*c**3 + 13*c - 3*c + 7*c**2 - c**3. List the prime factors of f(i).
17
Suppose 0*x = 3*x. Suppose x = -7*y + 219 + 285. List the prime factors of y.
2, 3
What are the prime factors of (-4539)/3*(-5 + 4)?
17, 89
Suppose -4*p = -5*u + 50, -3*p - 65 + 10 = -5*u. Suppose k = -2*k - 4*x - 5, -10 = 2*x. Let c = u - k. What are the prime factors of c?
3
Let f be (-3)/(-6) + 1/(-2). Suppose 5*x = 5*t + 10, -4*t - 5*x = -f*x - 37. What are the prime factors of 12/(-9)*(t + -12)?
2, 3
Suppose -w + 2*k = k - 63, -3*w - 5*k + 221 = 0. Suppose 0 = -4*x + 4*p + w + 17, 5*x - 102 = 4*p. What are the prime factors of x?
2, 3
Let n = 150 + 227. What are the prime factors of n?
13, 29
Let x = -5 - -7. Suppose -3*i + 3*s + 16 = -x*s, 2*i + 2*s = 0. Suppose 0*q - 6 = -i*q. List the prime factors of q.
3
Suppose -216 = -m + 5*m. Let s be (m/4)/(9/(-84)). What are the prime factors of (-45)/(-6)*s/35?
3
Let p be 117/(-91) - (-1)/(-7)*-2. Let r(u) = -228*u + 3. List the prime factors of r(p).
3, 7, 11
Suppose -547 = -8*n + 453. List the prime factors of n.
5
Let z = -560 + 327. List the prime factors of z/(-2) + (0 - 1/(-2)).
3, 13
Suppose -3*p = -271 + 64. Suppose -4*x = -3*j - 811 - p, x - 2*j - 220 = 0. What are the prime factors of x?
2, 5, 11
Let i(z) = z**2 + 7*z + 1. Let m be i(-6). Let r = m + 15. List the prime factors of r.
2, 5
Let s(l) be the third derivative of l**6/120 - l**5/30 + l**4/8 - 6*l**2. Let b(i) be the second derivative of s(i). List the prime factors of b(6).
2
Let n(f) = -4*f**3 + f**2 + f - 4. Let u(m) = -m**2 + 1. Let x(g) = -n(g) - 2*u(g). Let y = -2 - -4. List the prime factors of x(y).
2, 3
Let o be (-8 - -10)/((-1)/((-1)/1)). Suppose 3*m = 3*g + 270, -4*m + 0*g + o*g + 352 = 0. What are the prime factors of m?
2, 43
Let a(x) = 2*x + x - 5 - 5*x. Let y be a(-4). Suppose 0 = y*w + 2*w - 130. List the prime factors of w.
2, 13
Let p = -11 + 7. Let y be (-63)/4 + 1/p. Let u = y - -27. List the prime factors of u.
11
Let p = 895 - -285. What are the prime factors of p?
2, 5, 59
Suppose 0 = -5*l - 624 + 164. Let a = l + 134. Suppose 0 = -3*n - 3*s + a, -n + 5*s + 4 - 2 = 0. List the prime factors of n.
2, 3
List the prime factors of (-3 - -9)*(-282)/(-9).
2, 47
Suppose u - 169 = -3*l - 4*u, -4*u + 20 = 0. List the prime factors of l.
2, 3
Suppose 0 = 97*h - 111*h + 3612. What are the prime factors of h?
2, 3, 43
Suppose 0 = -3*b + 2*j + 3*j + 211, -b + 4*j = -82. Let y = b + -29. What are the prime factors of y?
3, 11
Let d(o) = -o**2 + o + 1. Let h be d(-5). Let s = h + 89. List the prime factors of s.
2, 3, 5
Suppose 0 = -165*p + 152*p + 20644. What are the prime factors of p?
2, 397
Suppose 0 = -4*z + 5*s - 10, 8 = 5*z + s + 3*s. What are the prime factors of z + (-9)/6 - 2295/(-10)?
2, 3, 19
Suppose -5*n - 2 = -12. Suppose -n*u + 2 = 0, 140 = 4*c + 2*u - 102. What are the prime factors of c?
2, 3, 5
Suppose -8*f + 4*u - 3958 = -10*f, -5882 = -3*f + 5*u. What are the prime factors of f?
11, 179
Let w = 7952 - 2755. List the prime factors of w.
5197
Let y be 1/((-662)/332 - -2) - -3. Let u = 327 - y. List the prime factors of u.
2, 79
Suppose 0 = 2*z - 8, q + 3*z - 7*z = 14. Let r = q + 24. Suppose -3*m = 2*f - 4*f + 23, -2*m + r = 3*f. What are the prime factors of f?
2
Let t be 125/20 - 3/(-4). Suppose 5*c + 112 = t*c. List the prime factors of c.
2, 7
Suppose -29*h + 0*h + 27028 = 0. What are the prime factors of h?
2, 233
Suppose 37*u + 44*u = 9315. List the prime factors of u.
5, 23
Suppose 5*y - 2*y = 0. Suppose y = 6*w - 8*w. Suppose w = f - n - 16, -f + 7*n + 22 = 3*n. What are the prime factors of f?
2, 7
Let o(f) = -920*f - 348. What are the prime factors of o(-4)?
2, 7, 17
Let k(p) = 4*p**2 + 5*p + 6. Let f = -76 - -69. What are the prime factors of k(f)?
167
Let d(s) = 393*s**3 + 5*s**2 - 11*s + 7. List the prime factors of d(2).
47, 67
Let h be (10/(-4))/(3/(-6)). Suppose 147 = h*q - 283. What are the prime factors of q?
2, 43
Let y = 14 + -5. Suppose f - y = -5. Suppose f*v + q - 1 = 132, -2*v = -3*q - 77. What are the prime factors of v?
2, 17
Let h = 607 + 3763. List the prime factors of h.
2, 5, 19, 23
Let m = 5297 + -2927. What are the prime factors of m?
2, 3, 5, 79
Let n(z) = 77*z**2 - z + 1. Let h be n(1). Suppose -2*x + 10 = c - 18, 0 = -5*x + c + h. What are the prime factors of x?
3, 5
Let w = 566 + 160. List the prime factors of w.
2, 3, 11
Let z(p) = -p**3 - 6*p**2 - 9*p + 5. What are the prime factors of z(-5)?
5
Suppose 4*m - 247 = 17. Suppose o + 48 = -m. Let a = o - -173. What are the prime factors of a?
59
Let w be (-4)/3 - (-52)/12. Suppose q = -w*k + 72, 95 = 5*k + 2*q - 25. What are the prime factors of k?
2, 3
Suppose r = -r - 8, -3*r - 10 = -a. Let m be 35/15 + a/6. What are the prime factors of (-1)/(m/(-4)) + 10?
2, 3
Suppose -3*a + 50 - 20 = 0. Suppose -4*y + y = -30. Let j = a + y. What are the prime factors of j?
2, 5
Let a(m) = m + 7. Let d be a(-7). Let i = d + 1. Suppose 0 = 4*q - i - 31. What are the prime factors of q?
2
Let l(z) = -19 + 19 - 9*z - 18 + z**2. List the prime factors of l(-9).
2, 3
List the prime factors of 3*((-28010)/(-30) + -4).
2789
Let h(k) = k**3 + 8*k**2 - 4*k - 2. Suppose -4*r - 8 = 0, -2*a = -0*r + r - 38. Suppose -a - 20 = 5*m. List the prime factors of h(m).
2, 3, 5
Suppose 4*x + 8 = 0, -9*c = -8*c + 5*x - 1157. What are the prime factors of c?
3, 389
Let r be 9/(1/(-1 + 14)). Let p = 201 - r. Suppose -2*m - m = 3*v - p, -2*m = -2. List the prime factors of v.
3
Let l(f) = -f. Let z(b) = 4. Let a(x) = -4*l(x) + z(x). List the prime factors of a(8).
2, 3
Suppose 3*q = -5*c + 2*c + 6, 3*c = q + 14. Suppose -4*m + 36 = 3*l, c*l - 9 = 4*m - 45. What are the prime factors of m?
3
Let c(z) = 1 - 4 - 9*z + 5 - 18*z. Let g be c(-4). Let d = g + -63. What are the prime factors of d?
47
Let t be -4*(-39)/(-6)*(-15)/10. Suppose 2*i = 251 - t. What are the prime factors of i?
2, 53
Let a(v) = v**3 + 5*v**2 + 2*v. Let c be (4/8)/((-1)/8). Let x = c + 0. List the prime factors of a(x).
2
Suppose o - 2*t + 4*t - 20 = 0, -2*t = -5*o + 52. Let n(d) = -d**3 + 12*d**2 + 13*d + 4. List the prime factors of n(o).
2, 5
Let t(y) = -y**3 + 2*y. Let w be 0/((-3)/6*4). Let n be t(w). Let x = 30 + n. List the prime factors of x.
2, 3, 5
Suppose x = 8 - 2. List the prime factors of (0 - (-472)/x)*(-6)/(-4).
2, 59
Let v = -17 + 10. Let q(k) = -34*k + 27. What are the prime factors of q(v)?
5, 53
Let p be (0/1)/((-4)/(-2)). List the prime factors of (35 - p)*10/50.
7
Suppose -4*z + 4 = -4*o, 0*z = -5*z + 4*o + 8. Suppose 4*r + 4 = -0*c + z*c, 3*r - 9 = 0. List the prime factors of (6/9)/(c/42).
7
Let v(o) = -20*o + 2. What are the prime factors of v(-21)?
2, 211
Let h be (-54)/13 + 4 - (-108)/26. Suppose 2*b - 4*b = m - 26, h*m + 5*b = 89. List the prime factors of